{"id":12472,"date":"2026-04-24T09:19:41","date_gmt":"2026-04-24T07:19:41","guid":{"rendered":"https:\/\/diversitylearning.eu\/?page_id=12472"},"modified":"2026-04-25T09:03:20","modified_gmt":"2026-04-25T07:03:20","slug":"pay-day","status":"publish","type":"page","link":"https:\/\/diversitylearning.eu\/index.php\/sl\/pay-day\/","title":{"rendered":"PAY DAY"},"content":{"rendered":"\t\t<div data-elementor-type=\"wp-page\" data-elementor-id=\"12472\" class=\"elementor elementor-12472\" data-elementor-post-type=\"page\">\n\t\t\t\t\t\t<section class=\"elementor-section elementor-top-section elementor-element elementor-element-05ef7b2 elementor-section-boxed elementor-section-height-default elementor-section-height-default\" data-id=\"05ef7b2\" data-element_type=\"section\" data-e-type=\"section\" data-settings=\"{&quot;background_background&quot;:&quot;classic&quot;}\">\n\t\t\t\t\t\t<div class=\"elementor-container elementor-column-gap-default\">\n\t\t\t\t\t<div class=\"elementor-column elementor-col-100 elementor-top-column elementor-element elementor-element-438cc70\" data-id=\"438cc70\" data-element_type=\"column\" data-e-type=\"column\">\n\t\t\t<div class=\"elementor-widget-wrap\">\n\t\t\t\t\t\t\t<\/div>\n\t\t<\/div>\n\t\t\t\t\t<\/div>\n\t\t<\/section>\n\t\t\t\t<section class=\"elementor-section elementor-top-section elementor-element elementor-element-c9c7157 elementor-section-content-middle elementor-section-boxed elementor-section-height-default elementor-section-height-default\" data-id=\"c9c7157\" data-element_type=\"section\" data-e-type=\"section\" data-settings=\"{&quot;background_background&quot;:&quot;classic&quot;}\">\n\t\t\t\t\t\t<div class=\"elementor-container elementor-column-gap-default\">\n\t\t\t\t\t<div class=\"elementor-column elementor-col-50 elementor-top-column elementor-element elementor-element-f409eb3\" data-id=\"f409eb3\" data-element_type=\"column\" data-e-type=\"column\">\n\t\t\t<div class=\"elementor-widget-wrap elementor-element-populated\">\n\t\t\t\t\t\t<div class=\"elementor-element elementor-element-96c6dd4 elementor-widget elementor-widget-text-editor\" data-id=\"96c6dd4\" data-element_type=\"widget\" data-e-type=\"widget\" data-widget_type=\"text-editor.default\">\n\t\t\t\t<div class=\"elementor-widget-container\">\n\t\t\t\t\t\t\t\t\t<p><span class=\"a_GcMg font-feature-liga-off font-feature-clig-off font-feature-calt-off text-decoration-none text-strikethrough-none\" style=\"color: rgba(29,41,57,var(--o42jjq,1)); caret-color: #1d2939; --ys-xuq: none; font-kerning: normal;\">PROJECT PAY DAY (101191135-PAY DAY-CERV-2024-GE)<\/span><\/p>\t\t\t\t\t\t\t\t<\/div>\n\t\t\t\t<\/div>\n\t\t\t\t\t<\/div>\n\t\t<\/div>\n\t\t\t\t<div class=\"elementor-column elementor-col-50 elementor-top-column elementor-element elementor-element-ed7c9e2\" data-id=\"ed7c9e2\" data-element_type=\"column\" data-e-type=\"column\">\n\t\t\t<div class=\"elementor-widget-wrap elementor-element-populated\">\n\t\t\t\t\t\t<div class=\"elementor-element elementor-element-824915d elementor-widget elementor-widget-image\" data-id=\"824915d\" data-element_type=\"widget\" data-e-type=\"widget\" data-widget_type=\"image.default\">\n\t\t\t\t<div class=\"elementor-widget-container\">\n\t\t\t\t\t\t\t\t\t\t\t\t\t\t\t<img decoding=\"async\" width=\"255\" height=\"57\" src=\"https:\/\/diversitylearning.eu\/wp-content\/uploads\/2025\/11\/Co-fundedbytheEU.png\" class=\"attachment-large size-large wp-image-12304\" alt=\"\" \/>\t\t\t\t\t\t\t\t\t\t\t\t\t\t\t<\/div>\n\t\t\t\t<\/div>\n\t\t\t\t\t<\/div>\n\t\t<\/div>\n\t\t\t\t\t<\/div>\n\t\t<\/section>\n\t\t\t\t<section class=\"elementor-section elementor-top-section elementor-element elementor-element-dea786f elementor-section-boxed elementor-section-height-default elementor-section-height-default\" data-id=\"dea786f\" data-element_type=\"section\" data-e-type=\"section\" data-settings=\"{&quot;background_background&quot;:&quot;classic&quot;}\">\n\t\t\t\t\t\t<div class=\"elementor-container elementor-column-gap-default\">\n\t\t\t\t\t<div class=\"elementor-column elementor-col-100 elementor-top-column elementor-element elementor-element-70386d3\" data-id=\"70386d3\" data-element_type=\"column\" data-e-type=\"column\">\n\t\t\t<div class=\"elementor-widget-wrap elementor-element-populated\">\n\t\t\t\t\t\t<div class=\"elementor-element elementor-element-4e5967c elementor-widget elementor-widget-text-editor\" data-id=\"4e5967c\" data-element_type=\"widget\" data-e-type=\"widget\" data-widget_type=\"text-editor.default\">\n\t\t\t\t<div class=\"elementor-widget-container\">\n\t\t\t\t\t\t\t\t\t<h6><p><b><span style=\"font-family:&quot;Avenir Next&quot;,sans-serif\">O\nIZOBRA\u017dEVALNEM PROGRAMU PAY DAY: Uvajanje pla\u010dne preglednosti in enakega\npla\u010dila za delo enake vrednosti<\/span><\/b><\/p>\n\n<p><span style=\"font-family:&quot;Avenir Next&quot;,sans-serif\">PAY DAY\nje izobra\u017eevalni program, namenjen podpori organizacijam pri razumevanju in\nuvajanju na\u010del pla\u010dne preglednosti ter enakega pla\u010dila za delo enake vrednosti.\nProgram je razvit v okviru projekta PAY DAY in podpira izvajanje Direktive (EU)\n2023\/970 o pla\u010dni preglednosti.<\/span><\/p>\n\n<p><span style=\"font-family:&quot;Avenir Next&quot;,sans-serif\">Spletni\nprogram vklju\u010duje tri izobra\u017eevalne module, ki udele\u017eencem omogo\u010dajo postopno\nrazumevanje pravnega okvira, organizacijskih izzivov ter prakti\u010dnih pristopov\nza uvajanje pravi\u010dnih in preglednih pla\u010dnih sistemov.<\/span><\/p><p><span style=\"font-family: &quot;Avenir Next&quot;, sans-serif; font-style: inherit; font-weight: inherit;\">Program\nje namenjen delodajalcem, predstavnikom zaposlenih, socialnim partnerjem ter\nvsem, ki sodelujejo pri oblikovanju, presoji ali nadzoru pla\u010dnih sistemov in\norganizacijskih praks.<\/span><\/p>\n\n<p><span style=\"font-family:&quot;Avenir Next&quot;,sans-serif\">Izobra\u017eevanje\nzdru\u017euje spletno u\u010denje in prakti\u010dno usmerjeno delo, ki udele\u017eence podpira pri\nrazumevanju vzrokov za pla\u010dne razlike ter pri pripravi konkretnih korakov za\npostopno uvajanje pla\u010dne preglednosti v organizacijah.<o:p><\/o:p><\/span><\/p><\/h6>\t\t\t\t\t\t\t\t<\/div>\n\t\t\t\t<\/div>\n\t\t\t\t\t<\/div>\n\t\t<\/div>\n\t\t\t\t\t<\/div>\n\t\t<\/section>\n\t\t\t\t<section class=\"elementor-section elementor-top-section elementor-element elementor-element-e8283c8 elementor-section-boxed elementor-section-height-default elementor-section-height-default\" data-id=\"e8283c8\" data-element_type=\"section\" data-e-type=\"section\">\n\t\t\t\t\t\t<div class=\"elementor-container elementor-column-gap-default\">\n\t\t\t\t\t<div class=\"elementor-column elementor-col-100 elementor-top-column elementor-element elementor-element-d2064e2\" data-id=\"d2064e2\" data-element_type=\"column\" data-e-type=\"column\">\n\t\t\t<div class=\"elementor-widget-wrap elementor-element-populated\">\n\t\t\t\t\t\t<div class=\"elementor-element elementor-element-00baa87 elementor-widget elementor-widget-heading\" data-id=\"00baa87\" data-element_type=\"widget\" data-e-type=\"widget\" data-widget_type=\"heading.default\">\n\t\t\t\t<div class=\"elementor-widget-container\">\n\t\t\t\t\t<h2 class=\"elementor-heading-title elementor-size-default\">MODULI<\/h2>\t\t\t\t<\/div>\n\t\t\t\t<\/div>\n\t\t\t\t\t<\/div>\n\t\t<\/div>\n\t\t\t\t\t<\/div>\n\t\t<\/section>\n\t\t\t\t<section class=\"elementor-section elementor-top-section elementor-element elementor-element-ea6e144 elementor-section-boxed elementor-section-height-default elementor-section-height-default\" data-id=\"ea6e144\" data-element_type=\"section\" data-e-type=\"section\">\n\t\t\t\t\t\t<div class=\"elementor-container elementor-column-gap-default\">\n\t\t\t\t\t<div class=\"elementor-column elementor-col-100 elementor-top-column elementor-element elementor-element-597f1ef\" data-id=\"597f1ef\" data-element_type=\"column\" data-e-type=\"column\">\n\t\t\t<div class=\"elementor-widget-wrap elementor-element-populated\">\n\t\t\t\t\t\t<div class=\"elementor-element elementor-element-9715784 elementor-widget elementor-widget-shortcode\" data-id=\"9715784\" data-element_type=\"widget\" data-e-type=\"widget\" data-widget_type=\"shortcode.default\">\n\t\t\t\t<div class=\"elementor-widget-container\">\n\t\t\t\t\t\t\t<div class=\"elementor-shortcode\"><div id=\"ld-course-list-content-5361d2fb2ae8adf5628c77f3cae720da\" class=\"ld-course-list-content\" data-shortcode-atts=\"{&quot;col&quot;:&quot;4&quot;,&quot;progress_bar&quot;:&quot;true&quot;,&quot;orderby&quot;:&quot;menu_order&quot;,&quot;course_category_name&quot;:&quot;payday&quot;,&quot;order&quot;:&quot;ASC&quot;}\">\n\t\t\t<div class=\"ld-course-list-items row\">\n\t<!-- LearnDash Course Grid v1 --><div class=\"ld_course_grid col-sm-6 col-md-3 \">\n\t<article id=\"post-12499\" class=\" thumbnail course post-12499 sfwd-courses type-sfwd-courses status-publish has-post-thumbnail hentry ld_course_category-payday\">\n\t\t\t\t\t\t\t\t<div class=\"ribbon free\">\n\t\t\t\tFree\t\t\t<\/div>\n\t\t\t\n\t\t\t\t\t\t<a href=\"https:\/\/diversitylearning.eu\/index.php\/sl\/courses\/osnove-preglednosti-placil\/\" rel=\"bookmark\">\n\t\t\t\t<img decoding=\"async\" width=\"255\" height=\"159\" src=\"https:\/\/diversitylearning.eu\/wp-content\/uploads\/2026\/04\/255X159px_OSNOVNI-MODUL.png\" class=\"attachment-medium size-medium wp-post-image\" alt=\"\" \/>\t\t\t<\/a>\n\t\t\t\t\t\n\t\t\t\t\t<div class=\"caption\">\n\t\t\t\t<h3 class=\"entry-title\">Osnove preglednosti pla\u010dil<\/h3>\n\t\t\t\t\t\t\t\t<div class=\"ld_course_grid_button\"><a class=\"btn btn-primary\" role=\"button\" href=\"https:\/\/diversitylearning.eu\/index.php\/sl\/courses\/osnove-preglednosti-placil\/\" rel=\"bookmark\">Continue Study<\/a><\/div>\n\t\t\t\t\t\t\t\t\t\t\t\t\t\t\t\t\t\t\t\t\t\t\t\t\t\t\t<\/div><!-- .entry-header -->\n\t\t\t<\/article><!-- #post-## -->\n<\/div><!-- .ld_course_grid -->\n\t<\/div>\n\t\t\t<\/div>\n\t\t<\/div>\n\t\t\t\t\t\t<\/div>\n\t\t\t\t<\/div>\n\t\t\t\t\t<\/div>\n\t\t<\/div>\n\t\t\t\t\t<\/div>\n\t\t<\/section>\n\t\t\t\t<section class=\"elementor-section elementor-top-section elementor-element elementor-element-446520a elementor-section-boxed elementor-section-height-default elementor-section-height-default\" data-id=\"446520a\" data-element_type=\"section\" data-e-type=\"section\">\n\t\t\t\t\t\t<div class=\"elementor-container elementor-column-gap-default\">\n\t\t\t\t\t<div class=\"elementor-column elementor-col-50 elementor-top-column elementor-element elementor-element-c5f21fb\" data-id=\"c5f21fb\" data-element_type=\"column\" data-e-type=\"column\">\n\t\t\t<div class=\"elementor-widget-wrap elementor-element-populated\">\n\t\t\t\t\t\t<div class=\"elementor-element elementor-element-8e16ba1 elementor-widget elementor-widget-shortcode\" data-id=\"8e16ba1\" data-element_type=\"widget\" data-e-type=\"widget\" data-widget_type=\"shortcode.default\">\n\t\t\t\t<div class=\"elementor-widget-container\">\n\t\t\t\t\t\t\t<div class=\"elementor-shortcode\"><div style=\"padding:56.25% 0 0 0;position:relative;\"><iframe src=\"https:\/\/player.vimeo.com\/video\/671890682?h=47b23d875f&amp;badge=0&amp;autopause=0&amp;player_id=0&amp;app_id=58479\" frameborder=\"0\" allow=\"autoplay; fullscreen; picture-in-picture\" allowfullscreen style=\"position:absolute;top:0;left:0;width:100%;height:100%;\" title=\"WIC Introduction\"><\/iframe><\/div><script src=\"https:\/\/player.vimeo.com\/api\/player.js\"><\/script><\/div>\n\t\t\t\t\t\t<\/div>\n\t\t\t\t<\/div>\n\t\t\t\t\t<\/div>\n\t\t<\/div>\n\t\t\t\t<div class=\"elementor-column elementor-col-50 elementor-top-column elementor-element elementor-element-6ca9424\" data-id=\"6ca9424\" data-element_type=\"column\" data-e-type=\"column\">\n\t\t\t<div class=\"elementor-widget-wrap elementor-element-populated\">\n\t\t\t\t\t\t<div class=\"elementor-element elementor-element-07c063c elementor-widget elementor-widget-text-editor\" data-id=\"07c063c\" data-element_type=\"widget\" data-e-type=\"widget\" data-widget_type=\"text-editor.default\">\n\t\t\t\t<div class=\"elementor-widget-container\">\n\t\t\t\t\t\t\t\t\t<h5>#1. &#8220;Blended Learning&#8221; u\u010dni pristop<\/h5><p>Uporabljamo kombinacijo video mikro-lekcij, vaj, kvizov, seznamov virov, teorije in orodij, ki jih je mogo\u010de prenesti. Mnenja zunanjih strokovnjakov uporabljamo tudi za najbolj\u0161e u\u010dne izku\u0161nje, ki temeljijo na konkretnih praksah in zgodbah o raznolikosti.<\/p><h5>#2. U\u010dite se od strokovnjakov<\/h5><p>Na\u0161i trenerji so strokovnjaki za trajnost, HR, R&amp;V, komunikacijo iz z neprecenljivimi izku\u0161njami na vseh podro\u010djih.<\/p><h5>#3. Certifikat<\/h5><p>Na koncu programa bo vsakemu udele\u017eencu podeljen certifikat W.I.C. slovenske, romunske in hrva\u0161ke listine o raznolikosti.<\/p><hr class=\"wp-block-separator\" \/>\t\t\t\t\t\t\t\t<\/div>\n\t\t\t\t<\/div>\n\t\t\t\t\t<\/div>\n\t\t<\/div>\n\t\t\t\t\t<\/div>\n\t\t<\/section>\n\t\t\t\t<\/div>\n\t\t","protected":false},"excerpt":{"rendered":"<p>PROJECT PAY DAY (101191135-PAY DAY-CERV-2024-GE) O IZOBRA\u017dEVALNEM PROGRAMU PAY DAY: Uvajanje pla\u010dne preglednosti in enakega pla\u010dila za delo enake vrednosti PAY DAY je izobra\u017eevalni program, namenjen podpori organizacijam pri razumevanju in uvajanju na\u010del pla\u010dne preglednosti ter enakega pla\u010dila za delo enake vrednosti. Program je razvit v okviru projekta PAY DAY in podpira izvajanje Direktive (EU) [&hellip;]<\/p>\n","protected":false},"author":313,"featured_media":0,"parent":0,"menu_order":0,"comment_status":"closed","ping_status":"closed","template":"","meta":{"inline_featured_image":false,"site-sidebar-layout":"no-sidebar","site-content-layout":"page-builder","ast-site-content-layout":"full-width-container","site-content-style":"unboxed","site-sidebar-style":"unboxed","ast-global-header-display":"","ast-banner-title-visibility":"","ast-main-header-display":"","ast-hfb-above-header-display":"","ast-hfb-below-header-display":"","ast-hfb-mobile-header-display":"","site-post-title":"disabled","ast-breadcrumbs-content":"","ast-featured-img":"disabled","footer-sml-layout":"","theme-transparent-header-meta":"","adv-header-id-meta":"","stick-header-meta":"","header-above-stick-meta":"","header-main-stick-meta":"","header-below-stick-meta":"","astra-migrate-meta-layouts":"set","ast-page-background-enabled":"default","ast-page-background-meta":{"desktop":{"background-color":"","background-image":"","background-repeat":"repeat","background-position":"center center","background-size":"auto","background-attachment":"scroll","background-type":"","background-media":"","overlay-type":"","overlay-color":"","overlay-opacity":"","overlay-gradient":""},"tablet":{"background-color":"","background-image":"","background-repeat":"repeat","background-position":"center center","background-size":"auto","background-attachment":"scroll","background-type":"","background-media":"","overlay-type":"","overlay-color":"","overlay-opacity":"","overlay-gradient":""},"mobile":{"background-color":"","background-image":"","background-repeat":"repeat","background-position":"center center","background-size":"auto","background-attachment":"scroll","background-type":"","background-media":"","overlay-type":"","overlay-color":"","overlay-opacity":"","overlay-gradient":""}},"ast-content-background-meta":{"desktop":{"background-color":"var(--ast-global-color-5)","background-image":"","background-repeat":"repeat","background-position":"center center","background-size":"auto","background-attachment":"scroll","background-type":"","background-media":"","overlay-type":"","overlay-color":"","overlay-opacity":"","overlay-gradient":""},"tablet":{"background-color":"var(--ast-global-color-5)","background-image":"","background-repeat":"repeat","background-position":"center center","background-size":"auto","background-attachment":"scroll","background-type":"","background-media":"","overlay-type":"","overlay-color":"","overlay-opacity":"","overlay-gradient":""},"mobile":{"background-color":"var(--ast-global-color-5)","background-image":"","background-repeat":"repeat","background-position":"center center","background-size":"auto","background-attachment":"scroll","background-type":"","background-media":"","overlay-type":"","overlay-color":"","overlay-opacity":"","overlay-gradient":""}},"footnotes":""},"class_list":["post-12472","page","type-page","status-publish","hentry"],"_links":{"self":[{"href":"https:\/\/diversitylearning.eu\/index.php\/wp-json\/wp\/v2\/pages\/12472","targetHints":{"allow":["GET"]}}],"collection":[{"href":"https:\/\/diversitylearning.eu\/index.php\/wp-json\/wp\/v2\/pages"}],"about":[{"href":"https:\/\/diversitylearning.eu\/index.php\/wp-json\/wp\/v2\/types\/page"}],"author":[{"embeddable":true,"href":"https:\/\/diversitylearning.eu\/index.php\/wp-json\/wp\/v2\/users\/313"}],"replies":[{"embeddable":true,"href":"https:\/\/diversitylearning.eu\/index.php\/wp-json\/wp\/v2\/comments?post=12472"}],"version-history":[{"count":10,"href":"https:\/\/diversitylearning.eu\/index.php\/wp-json\/wp\/v2\/pages\/12472\/revisions"}],"predecessor-version":[{"id":12582,"href":"https:\/\/diversitylearning.eu\/index.php\/wp-json\/wp\/v2\/pages\/12472\/revisions\/12582"}],"wp:attachment":[{"href":"https:\/\/diversitylearning.eu\/index.php\/wp-json\/wp\/v2\/media?parent=12472"}],"curies":[{"name":"wp","href":"https:\/\/api.w.org\/{rel}","templated":true}]}}